actors of 1 - 4 - (1 + j)?
2, 7
Let w(z) = 2*z**2 - 2*z - 9. Let t be w(7). Suppose -49 = -4*i + t. What are the prime factors of i?
31
Let v(j) = -j - 5. Let t be v(-8). Suppose -x - 4*y - 1 = 1, x = -t*y + 1. What are the prime factors of x?
2, 5
Suppose -6*j + 414 = 3*j. What are the prime factors of j?
2, 23
Let d(g) = g**3 - 23*g**2 + g - 3. List the prime factors of d(23).
2, 5
Suppose -4*i - 9 = -25. Let u(z) = -2*z**2 + 1. Let p be u(1). Let a = i + p. What are the prime factors of a?
3
What are the prime factors of (35/(-5) + -3)/((-2)/7)?
5, 7
Let p(u) = u**2 - u + 2. Let a be p(0). Suppose y + a*k - 6 = 8, 0 = 2*y - 3*k - 28. Let g = y - 10. List the prime factors of g.
2
Let q(b) = 24*b + 2. Let l be q(3). Let m be l + 1/(0 - 1). What are the prime factors of 4/(-16) + m/4?
2, 3
Suppose m = -2*j + 12, 20 = j + 3*m + m. Suppose -j = -2*s - 2. List the prime factors of 1 - (s - 9) - -2.
11
Let g = 3 + 1. Suppose -9 = -5*y + 5*i + 1, i - 33 = -g*y. List the prime factors of y.
7
What are the prime factors of (0 - 2)/2*-11?
11
Let k(p) = -p**2 - 10*p - 5. Let h be k(-7). Let y(z) = -z**2 + 2*z - 2. Let b be y(4). Let a = h + b. List the prime factors of a.
2, 3
Let i = -16 - 3. Let u = i + 5. Let q = u - -31. List the prime factors of q.
17
Suppose -x + 5*a + 93 = 3*x, 5*a + 49 = 2*x. What are the prime factors of x?
2, 11
Suppose m - 41 = -16. List the prime factors of m.
5
Let c(w) be the second derivative of w**5/20 - w**4/4 - w**3/6 + w**2 + 2*w. Let u be c(3). Let y = 4 + u. List the prime factors of y.
3
Suppose 0 = -3*p + 16 - 1. Suppose -2*q - 2 = -p*y + y, -19 = -3*q - 5*y. List the prime factors of q.
3
Let t be (30/(-5))/(-3 + 1). Suppose -11 = -t*k + 2*m, 3*k - m - 16 = -0*m. Suppose -2*u + k - 1 = 0. List the prime factors of u.
3
List the prime factors of (-7)/2*108/(-63).
2, 3
Suppose 3*p + 1 - 13 = 0. Suppose -p*j = -6*j + 32. What are the prime factors of j?
2
Suppose 0 = x - 10 + 3. List the prime factors of x.
7
Let z be (20/(-25))/(2/(-345)). Suppose -6*u = s - 3*u - 38, -5*s + z = 2*u. What are the prime factors of s?
2, 13
Let y(l) = -l**3 + 6*l**2 - l - 3. Let s(g) = -g**3 + g**2 - g - 1. Let q(c) = 2*s(c) - y(c). What are the prime factors of q(-4)?
5
Suppose 25 = -5*c, a = -a - 5*c + 533. What are the prime factors of a?
3, 31
Let n(q) = 10*q + 2. Suppose -3*o - o = 12. Let s be n(o). List the prime factors of (-427)/s - (-2)/(-8).
3, 5
What are the prime factors of (-1146)/(-4) - (-6 - 66/(-12))?
7, 41
Suppose 5 = 5*a, -2*b - 3*b + 58 = -2*a. What are the prime factors of b?
2, 3
Let a = 81 - 30. What are the prime factors of a?
3, 17
Let p(t) = t**2 + t + 1. List the prime factors of p(-6).
31
Let r(y) = y - 2. Let c be r(-4). Let b be 28/c - 2/6. What are the prime factors of (2/b)/((-3)/15)?
2
Let h = -246 + 570. List the prime factors of h.
2, 3
Let u be 3 + 0/((-4)/(-2)). Let t(j) = 2*j**2 - 2*j - 5*j - u*j**2. What are the prime factors of t(-5)?
2, 5
Let x(z) = 86*z**2 + z - 1. What are the prime factors of x(1)?
2, 43
Suppose -101*a = -100*a - 223. List the prime factors of a.
223
Suppose -10 = -o + 4*s, -4*o + 10 = s + 4. Let c(m) = 2 + 5*m**o + m**3 + 0*m**3 + 0*m**3. What are the prime factors of c(-5)?
2
Let v(o) = -o**2 - o - 24. Let b be v(0). Let l = b + 39. What are the prime factors of l?
3, 5
Let y(a) = -a**2 - 13*a - 12. List the prime factors of y(-9).
2, 3
What are the prime factors of (-1)/(-4) - (-12582)/72?
5, 7
Suppose 10 = 2*h - 24. What are the prime factors of h?
17
Suppose -2*h + 24 = 2*d, 3*d = d + 8. Suppose z - 2 = -z. Suppose -z = a - h. List the prime factors of a.
7
Let d be (-58)/(-3) - 2/6. Suppose -2*g = 4*a - 4, a - 4*g = -0*a + d. Suppose 8*o - a*o - 3*y = 46, -52 = -5*o + y. List the prime factors of o.
11
Let n = -14 - -14. Suppose z + 4*d - 33 = n, 99 = 4*z + 3*d + 2*d. What are the prime factors of z?
3, 7
Let b(m) = 2*m + 0*m - m**2 + m**3 - 8 + 6 - 2*m**2. List the prime factors of b(3).
2
What are the prime factors of 3/(-3) - 2 - -16?
13
Suppose 2 = 5*j - 13. Suppose j*u - 11 - 4 = 0, -3*u = -r - 10. Suppose 3*i - i - 19 = -3*w, -5*w + 40 = r*i. List the prime factors of i.
5
Suppose s + 0*h - 3*h = -6, -2*s + 5*h = 9. Let f = 4 - s. Suppose -4*i + 25 = f. What are the prime factors of i?
2, 3
Let w(u) = -u + 8. Let l be w(8). Suppose -c = -2, 3*y + 5*c = -l*c + 64. What are the prime factors of y?
2, 3
Let u(c) = -8*c - 26. List the prime factors of u(-6).
2, 11
Let g(f) = 0*f**2 - 2*f**3 + f**3 - f**2. What are the prime factors of g(-2)?
2
Let j(p) = 6*p**3 - 3*p**2. What are the prime factors of j(2)?
2, 3
Let n be 1 + (-2)/(6/3). Suppose 5*o - 20 = 2*b, -2*o - b + 5 - 6 = n. List the prime factors of o.
2
Let n(k) = 10*k**2 + k. Suppose x - 6 = 1. Suppose -2*y - w = -x*y, 3*y + 2*w + 13 = 0. What are the prime factors of n(y)?
3
Let k(m) = -m**3 + 6*m**2 + 7*m - 6. Let q = 0 + 6. Let v be k(q). Suppose -2*u = -6*u + v. What are the prime factors of u?
3
Let b(i) = -i**2 + 11*i - 8. Suppose 4*p = -0*p + 36. What are the prime factors of b(p)?
2, 5
Let t(c) = c**2 + 8*c - 7. Let f be t(-7). List the prime factors of (1 - -29)*(-7)/f.
3, 5
Let m(x) = x - 3. Let q = -12 - -20. Let a be m(q). Suppose 4*u = a*u - 19. What are the prime factors of u?
19
Let m(t) = -t + 1. Let r be m(5). List the prime factors of r/(-6)*39/2.
13
Suppose -g = -2*n - 77, -5*n = -3*g + 4*g - 91. What are the prime factors of g?
3
Let d = 94 - 37. List the prime factors of d.
3, 19
Let k(a) = a + 1. Let l be k(2). Let u be (-2820)/(-78) + (-2)/13. Suppose -p = -l*p + u. List the prime factors of p.
2, 3
Let n be 18/9 - 3*-1. Suppose 5*a - 10 = n. List the prime factors of a.
3
Let i = -80 + 116. Suppose 0 = -5*s - 10, -s - i = 4*a - 86. Suppose 5*q + a = 78. What are the prime factors of q?
13
What are the prime factors of 3*-1 - (10 + -15)?
2
Let s = 135 - 42. List the prime factors of s.
3, 31
Suppose 10 + 10 = g. What are the prime factors of g?
2, 5
Suppose 2*p + 0 - 6 = 0. List the prime factors of p.
3
Suppose 0*k = -5*k + 10. Suppose 115 - 37 = -k*l. What are the prime factors of l*((-2)/3)/2?
13
Let t be 1 + 0 + 0/1. Suppose -2*h + 7 = t. Suppose 0*v = h*v - 36. List the prime factors of v.
2, 3
What are the prime factors of 3848/91 + (-4)/14?
2, 3, 7
Let j be (-2)/(-2 + 28/15). Let s = 36 - j. What are the prime factors of s?
3, 7
Let a be (1 + -3)*(-13)/2. Let b = a - -4. Let z = b + -10. What are the prime factors of z?
7
Let d(u) = 4*u**2 + 2*u**2 + 1 + 4*u**2. Suppose 5 = 2*s - 7*s. List the prime factors of d(s).
11
Let r(h) = -20*h + 1. Let n be r(1). Let j = n - -35. List the prime factors of j.
2
Suppose -7*d + 321 = -4*d. List the prime factors of d.
107
Suppose -2*l + 76 = 3*b, -l + 3*l - 4*b = 104. List the prime factors of l.
2, 11
Let g(k) = k + 4. Let u be g(-4). Suppose u*z + 4*z = 56. Suppose -5*i + 34 = t, 3*t - z = -2. What are the prime factors of i?
2, 3
Let p(s) = 6*s**3 - 1. What are the prime factors of p(2)?
47
Let p(b) = -b + 3. Let q be p(3). Suppose -z = -3*k + 56, 0 = -2*k - q*k - 4*z + 28. List the prime factors of k.
2, 3
Let b = -20 + 12. Let k = 17 + b. Suppose 0 = -j - 2 + k. List the prime factors of j.
7
Let u(i) = i**3 + 3*i**2 - 3*i - 1. Suppose -2*a = a + 12. Let f be u(a). Let s = 1 - f. List the prime factors of s.
2, 3
Suppose 3*l - 23 = n - 97, 0 = n + 3*l - 74. Suppose -5*y + 130 = 5*r, 4*y + 5*r = y + n. Suppose -4*o + y - 4 = 0. What are the prime factors of o?
2, 3
Let c(f) = 4*f - 4. Let h = 6 + -3. What are the prime factors of c(h)?
2
Let c(y) = y**2 + 2*y + 2. Let r be c(-3). Suppose 2*q = -5*t - 2, 4*q - r*t = 85 - 29. What are the prime factors of q?
3
Suppose -4*p - 151 = -5*s, 4*s - 112 = p - 0*p. Let d = 1 - -49. Suppose 0 = -5*y - 3*k + d, 0 = y + 4*k - 0 - s. What are the prime factors of y?
7
Let m be (24/2 + -2)/(-1). Let n(x) = x**2 + 9*x - 5. Let a be n(m). Suppose -40 = -a*h - 5*k, 0 = -4*h - h + 4*k + 31. List the prime factors of h.
7
Let m(l) = -l**2 + 7*l + 3. Let x(r) = 2*r + 6. Let w be x(-6). Let t be 43/6 + 1/w. List the prime factors of m(t).
3
Let v be 5/2*8/10. Let i = 1 + v. Suppose a + 34 = 4*p, 2*p + 51 = 7*p + i*a. List the prime factors of p.
3
Suppose -h = -3*h - 3*v + 441, 3*h = 3*v + 684. What